{"id":56,"date":"2015-07-15T15:45:04","date_gmt":"2015-07-15T13:45:04","guid":{"rendered":"http:\/\/yogakurse-splitthof.de\/?page_id=56"},"modified":"2019-01-27T16:46:17","modified_gmt":"2019-01-27T15:46:17","slug":"kraeuterlust","status":"publish","type":"page","link":"https:\/\/yogakurse-splitthof.de\/?page_id=56","title":{"rendered":"Kr\u00e4uterlust"},"content":{"rendered":"<p><img loading=\"lazy\" decoding=\"async\" class=\"aligncenter size-medium wp-image-102\" src=\"https:\/\/yogakurse-splitthof.de\/wp-content\/uploads\/2015\/07\/kr\u00e4uterlust-700x421.jpg\" alt=\"kr\u00e4uterlust\" width=\"700\" height=\"421\" srcset=\"https:\/\/yogakurse-splitthof.de\/wp-content\/uploads\/2015\/07\/kr\u00e4uterlust-700x421.jpg 700w, https:\/\/yogakurse-splitthof.de\/wp-content\/uploads\/2015\/07\/kr\u00e4uterlust.jpg 800w\" sizes=\"auto, (max-width: 700px) 100vw, 700px\" \/><\/p>\n<blockquote><p><strong><span style=\"color: #000000; font-family: Calibri;\">Kr\u00e4uterlust im Oberland. Wildkr\u00e4uter &#8211; lecker, vielseitig und heilkr\u00e4ftig. Wer kann sich diesem Zauber entziehen&#8230;<\/span><\/strong><\/p><\/blockquote>\n<p style=\"text-align: justify;\"><span style=\"color: #000000; font-family: Calibri;\">\u00dcberall um uns herum sprie\u00dft im Fr\u00fchjahr\u00a0das Gr\u00fcn wieder kraftvoll aus dem Boden. Wir wollen mit den Kostbarkeiten der Natur\u00a0einen Tag lang nach Herzenslust experimentieren; in der Natur sammeln gehen, mit Wildkr\u00e4utern k\u00f6stliche Speisen \u00a0bereiten und genie\u00dfen, heilkr\u00e4ftige K\u00f6rper\u00f6le herstellen, aber auch versuchen,\u00a0das Wesen einzelner Kr\u00e4uter zu erfassen und zu verstehen. Meditative Elemente runden den Tag ab. Dazu eine herzliche Einladung\u00a0an alle!\u00a0<\/span><\/p>\n<p style=\"text-align: justify;\"><span style=\"color: #000000; font-family: Calibri;\"><strong>Ort<\/strong>:\u00a0 in L\u00f6hma, Ortsstra\u00dfe 88\u00a0<\/span><\/p>\n<p><span style=\"color: #000000; font-family: Calibri;\"><strong>Anmeldung<\/strong> erforderlich unter 0162\/4295512 oder 03663\/410985.<\/span><\/p>\n<p><span style=\"color: #000000; font-family: Calibri;\">Es freuen sich auf zahlreiche Kr\u00e4uterlustige\u00a0Christina Splitthof (Yogalehrerin)\u00a0und\u00a0Janett Conrad (Heilpraktikerin). <\/span><\/p>\n<p>&nbsp;<\/p>\n<div class=\"shariff\" data-title=\"Kr\u00e4uterlust\" data-info-url=\"http:\/\/ct.de\/-2467514\" data-backend-url=\"https:\/\/yogakurse-splitthof.de\/wp-content\/plugins\/shariff-sharing\/backend\/index.php\" data-temp=\"\/tmp\" data-ttl=\"60\" data-service=\"gf\" data-services='[\"googleplus\",\"facebook\",\"whatsapp\",\"info\"]' data-image=\"https:\/\/yogakurse-splitthof.de\/wp-content\/uploads\/2015\/07\/kr\u00e4uterlust-700x421.jpg\" data-url=\"https:\/\/yogakurse-splitthof.de\/?page_id=56\" data-lang=\"de\" data-theme=\"color\" data-orientation=\"horizontal\"><\/div>","protected":false},"excerpt":{"rendered":"<p>Kr\u00e4uterlust im Oberland. Wildkr\u00e4uter &#8211; lecker, vielseitig und heilkr\u00e4ftig. Wer kann sich diesem Zauber entziehen&#8230; \u00dcberall um uns herum sprie\u00dft im Fr\u00fchjahr\u00a0das Gr\u00fcn wieder kraftvoll aus dem Boden. Wir wollen mit den Kostbarkeiten der Natur\u00a0einen Tag lang nach Herzenslust experimentieren; in der Natur sammeln gehen, mit Wildkr\u00e4utern k\u00f6stliche Speisen \u00a0bereiten und genie\u00dfen, heilkr\u00e4ftige K\u00f6rper\u00f6le herstellen, <a href=\"https:\/\/yogakurse-splitthof.de\/?page_id=56\">Continue reading &#8594;<\/a><\/p>\n","protected":false},"author":1,"featured_media":0,"parent":0,"menu_order":0,"comment_status":"closed","ping_status":"closed","template":"","meta":{"_mc_calendar":[],"footnotes":""},"class_list":["post-56","page","type-page","status-publish","hentry"],"_links":{"self":[{"href":"https:\/\/yogakurse-splitthof.de\/index.php?rest_route=\/wp\/v2\/pages\/56","targetHints":{"allow":["GET"]}}],"collection":[{"href":"https:\/\/yogakurse-splitthof.de\/index.php?rest_route=\/wp\/v2\/pages"}],"about":[{"href":"https:\/\/yogakurse-splitthof.de\/index.php?rest_route=\/wp\/v2\/types\/page"}],"author":[{"embeddable":true,"href":"https:\/\/yogakurse-splitthof.de\/index.php?rest_route=\/wp\/v2\/users\/1"}],"replies":[{"embeddable":true,"href":"https:\/\/yogakurse-splitthof.de\/index.php?rest_route=%2Fwp%2Fv2%2Fcomments&post=56"}],"version-history":[{"count":9,"href":"https:\/\/yogakurse-splitthof.de\/index.php?rest_route=\/wp\/v2\/pages\/56\/revisions"}],"predecessor-version":[{"id":92,"href":"https:\/\/yogakurse-splitthof.de\/index.php?rest_route=\/wp\/v2\/pages\/56\/revisions\/92"}],"wp:attachment":[{"href":"https:\/\/yogakurse-splitthof.de\/index.php?rest_route=%2Fwp%2Fv2%2Fmedia&parent=56"}],"curies":[{"name":"wp","href":"https:\/\/api.w.org\/{rel}","templated":true}]}}